{"id":2755,"date":"2020-03-26T18:14:37","date_gmt":"2020-03-26T21:14:37","guid":{"rendered":"http:\/\/frailescapuchinosrecoletos.org\/web\/?page_id=2755"},"modified":"2020-03-26T18:55:05","modified_gmt":"2020-03-26T21:55:05","slug":"visita-de-la-virgen-de-fatima","status":"publish","type":"page","link":"https:\/\/frailescapuchinosrecoletos.org\/web\/?page_id=2755","title":{"rendered":"Visita de la Virgen de F\u00e1tima"},"content":{"rendered":"<p>El d\u00eda S\u00e1bado 5 de de Octubre de 2019: llegaba la Imagen Peregrina de la Virgen de F\u00e1tima<\/p>\n<p><iframe title=\"LLEGADA DE LA VIRGEN DE FATIMA A INTENDENTE ALVEAR 05\/10\/2019\" width=\"770\" height=\"433\" src=\"https:\/\/www.youtube.com\/embed\/WncXSv1eQVo?feature=oembed\" frameborder=\"0\" allow=\"accelerometer; autoplay; clipboard-write; encrypted-media; gyroscope; picture-in-picture\" allowfullscreen><\/iframe><\/p>\n<p>Durante el tiempo que estuvo la Virgen visit\u00f3 varias casas de nuestros pueblos, y fue visitada:<\/p>\n<p><img loading=\"lazy\" class=\"aligncenter wp-image-2818 size-full\" src=\"http:\/\/frailescapuchinosrecoletos.org\/web\/wp-content\/uploads\/2020\/03\/89040496_2707430406145462_2124952000457080832_n.jpg\" alt=\"\" width=\"200\" height=\"200\" srcset=\"https:\/\/frailescapuchinosrecoletos.org\/web\/wp-content\/uploads\/2020\/03\/89040496_2707430406145462_2124952000457080832_n.jpg 200w, https:\/\/frailescapuchinosrecoletos.org\/web\/wp-content\/uploads\/2020\/03\/89040496_2707430406145462_2124952000457080832_n-150x150.jpg 150w\" sizes=\"(max-width: 200px) 100vw, 200px\" \/><\/p>\n<p><img loading=\"lazy\" class=\"aligncenter size-full wp-image-2810\" src=\"http:\/\/frailescapuchinosrecoletos.org\/web\/wp-content\/uploads\/2020\/03\/87068843_2699301433625026_5211728103985905664_n.jpg\" alt=\"\" width=\"200\" height=\"200\" srcset=\"https:\/\/frailescapuchinosrecoletos.org\/web\/wp-content\/uploads\/2020\/03\/87068843_2699301433625026_5211728103985905664_n.jpg 200w, https:\/\/frailescapuchinosrecoletos.org\/web\/wp-content\/uploads\/2020\/03\/87068843_2699301433625026_5211728103985905664_n-150x150.jpg 150w\" sizes=\"(max-width: 200px) 100vw, 200px\" \/><\/p>\n<p><img loading=\"lazy\" class=\"aligncenter size-full wp-image-2811\" src=\"http:\/\/frailescapuchinosrecoletos.org\/web\/wp-content\/uploads\/2020\/03\/87100630_2699300913625078_5584519776241188864_n.jpg\" alt=\"\" width=\"200\" height=\"200\" srcset=\"https:\/\/frailescapuchinosrecoletos.org\/web\/wp-content\/uploads\/2020\/03\/87100630_2699300913625078_5584519776241188864_n.jpg 200w, https:\/\/frailescapuchinosrecoletos.org\/web\/wp-content\/uploads\/2020\/03\/87100630_2699300913625078_5584519776241188864_n-150x150.jpg 150w\" sizes=\"(max-width: 200px) 100vw, 200px\" \/><\/p>\n<p><img loading=\"lazy\" class=\"aligncenter size-full wp-image-2806\" src=\"http:\/\/frailescapuchinosrecoletos.org\/web\/wp-content\/uploads\/2020\/03\/83157995_2678905065664663_3438269101682720768_n.jpg\" alt=\"\" width=\"200\" height=\"200\" srcset=\"https:\/\/frailescapuchinosrecoletos.org\/web\/wp-content\/uploads\/2020\/03\/83157995_2678905065664663_3438269101682720768_n.jpg 200w, https:\/\/frailescapuchinosrecoletos.org\/web\/wp-content\/uploads\/2020\/03\/83157995_2678905065664663_3438269101682720768_n-150x150.jpg 150w\" sizes=\"(max-width: 200px) 100vw, 200px\" \/><\/p>\n<p><img loading=\"lazy\" class=\"aligncenter size-full wp-image-2805\" src=\"http:\/\/frailescapuchinosrecoletos.org\/web\/wp-content\/uploads\/2020\/03\/82064005_2655518204670016_8970956684314804224_n.jpg\" alt=\"\" width=\"200\" height=\"200\" srcset=\"https:\/\/frailescapuchinosrecoletos.org\/web\/wp-content\/uploads\/2020\/03\/82064005_2655518204670016_8970956684314804224_n.jpg 200w, https:\/\/frailescapuchinosrecoletos.org\/web\/wp-content\/uploads\/2020\/03\/82064005_2655518204670016_8970956684314804224_n-150x150.jpg 150w\" sizes=\"(max-width: 200px) 100vw, 200px\" \/><\/p>\n<p><img loading=\"lazy\" class=\"aligncenter size-full wp-image-2804\" src=\"http:\/\/frailescapuchinosrecoletos.org\/web\/wp-content\/uploads\/2020\/03\/75474157_2579015265653644_1435744830465507328_n.jpg\" alt=\"\" width=\"200\" height=\"200\" srcset=\"https:\/\/frailescapuchinosrecoletos.org\/web\/wp-content\/uploads\/2020\/03\/75474157_2579015265653644_1435744830465507328_n.jpg 200w, https:\/\/frailescapuchinosrecoletos.org\/web\/wp-content\/uploads\/2020\/03\/75474157_2579015265653644_1435744830465507328_n-150x150.jpg 150w\" sizes=\"(max-width: 200px) 100vw, 200px\" \/><\/p>\n<p><img loading=\"lazy\" class=\"aligncenter size-full wp-image-2816\" src=\"http:\/\/frailescapuchinosrecoletos.org\/web\/wp-content\/uploads\/2020\/03\/88129705_2707426792812490_5158485305677840384_n.jpg\" alt=\"\" width=\"200\" height=\"200\" srcset=\"https:\/\/frailescapuchinosrecoletos.org\/web\/wp-content\/uploads\/2020\/03\/88129705_2707426792812490_5158485305677840384_n.jpg 200w, https:\/\/frailescapuchinosrecoletos.org\/web\/wp-content\/uploads\/2020\/03\/88129705_2707426792812490_5158485305677840384_n-150x150.jpg 150w\" sizes=\"(max-width: 200px) 100vw, 200px\" \/><\/p>\n<p><img loading=\"lazy\" class=\"aligncenter size-full wp-image-2809\" src=\"http:\/\/frailescapuchinosrecoletos.org\/web\/wp-content\/uploads\/2020\/03\/87051609_2699300796958423_4198105213560684544_n.jpg\" alt=\"\" width=\"200\" height=\"200\" srcset=\"https:\/\/frailescapuchinosrecoletos.org\/web\/wp-content\/uploads\/2020\/03\/87051609_2699300796958423_4198105213560684544_n.jpg 200w, https:\/\/frailescapuchinosrecoletos.org\/web\/wp-content\/uploads\/2020\/03\/87051609_2699300796958423_4198105213560684544_n-150x150.jpg 150w\" sizes=\"(max-width: 200px) 100vw, 200px\" \/><\/p>\n<p><img loading=\"lazy\" class=\"aligncenter size-full wp-image-2802\" src=\"http:\/\/frailescapuchinosrecoletos.org\/web\/wp-content\/uploads\/2020\/03\/73086414_2579015295653641_1558671179638636544_n.jpg\" alt=\"\" width=\"202\" height=\"200\" srcset=\"https:\/\/frailescapuchinosrecoletos.org\/web\/wp-content\/uploads\/2020\/03\/73086414_2579015295653641_1558671179638636544_n.jpg 202w, https:\/\/frailescapuchinosrecoletos.org\/web\/wp-content\/uploads\/2020\/03\/73086414_2579015295653641_1558671179638636544_n-150x150.jpg 150w\" sizes=\"(max-width: 202px) 100vw, 202px\" \/><\/p>\n<p><img loading=\"lazy\" class=\"aligncenter size-full wp-image-2801\" src=\"http:\/\/frailescapuchinosrecoletos.org\/web\/wp-content\/uploads\/2020\/03\/72791340_2580214622200375_421165150175756288_n.jpg\" alt=\"\" width=\"200\" height=\"200\" srcset=\"https:\/\/frailescapuchinosrecoletos.org\/web\/wp-content\/uploads\/2020\/03\/72791340_2580214622200375_421165150175756288_n.jpg 200w, https:\/\/frailescapuchinosrecoletos.org\/web\/wp-content\/uploads\/2020\/03\/72791340_2580214622200375_421165150175756288_n-150x150.jpg 150w\" sizes=\"(max-width: 200px) 100vw, 200px\" \/><\/p>\n<p><img loading=\"lazy\" class=\"aligncenter size-full wp-image-2803\" src=\"http:\/\/frailescapuchinosrecoletos.org\/web\/wp-content\/uploads\/2020\/03\/73100101_2586268091595028_8815872050980716544_n.jpg\" alt=\"\" width=\"200\" height=\"200\" srcset=\"https:\/\/frailescapuchinosrecoletos.org\/web\/wp-content\/uploads\/2020\/03\/73100101_2586268091595028_8815872050980716544_n.jpg 200w, https:\/\/frailescapuchinosrecoletos.org\/web\/wp-content\/uploads\/2020\/03\/73100101_2586268091595028_8815872050980716544_n-150x150.jpg 150w\" sizes=\"(max-width: 200px) 100vw, 200px\" \/><\/p>\n<p>&nbsp;<\/p>\n<p>El d\u00eda 4 de Marzo de 2020: Despedida de la Virgen<\/p>\n<p><strong>Para reproducir el Video Hacer click sobre la imagen&nbsp;<\/strong><\/p>\n<p><a href=\"https:\/\/es-la.facebook.com\/parroquiacapuchinosrecoletosdelapama\/videos\/282941819343992\/\" target=\"_blank\" rel=\"noopener\"><img loading=\"lazy\" class=\"aligncenter wp-image-2773 size-full\" src=\"http:\/\/frailescapuchinosrecoletos.org\/web\/wp-content\/uploads\/2020\/03\/87805822_2710630269158809_7060788082705956864_n.jpg\" alt=\"\" width=\"720\" height=\"960\" srcset=\"https:\/\/frailescapuchinosrecoletos.org\/web\/wp-content\/uploads\/2020\/03\/87805822_2710630269158809_7060788082705956864_n.jpg 720w, https:\/\/frailescapuchinosrecoletos.org\/web\/wp-content\/uploads\/2020\/03\/87805822_2710630269158809_7060788082705956864_n-225x300.jpg 225w\" sizes=\"(max-width: 720px) 100vw, 720px\" \/><\/a><\/p>\n","protected":false},"excerpt":{"rendered":"<p>El d\u00eda S\u00e1bado 5 de de Octubre de 2019: llegaba la Imagen Peregrina de la Virgen de F\u00e1tima Durante el tiempo que estuvo la Virgen visit\u00f3 varias casas de nuestros pueblos, y fue visitada: &nbsp; El d\u00eda 4 de Marzo de 2020: Despedida de la Virgen Para reproducir el Video&hellip; <\/p>\n","protected":false},"author":5,"featured_media":0,"parent":0,"menu_order":0,"comment_status":"closed","ping_status":"closed","template":"","meta":{"ngg_post_thumbnail":0},"_links":{"self":[{"href":"https:\/\/frailescapuchinosrecoletos.org\/web\/index.php?rest_route=\/wp\/v2\/pages\/2755"}],"collection":[{"href":"https:\/\/frailescapuchinosrecoletos.org\/web\/index.php?rest_route=\/wp\/v2\/pages"}],"about":[{"href":"https:\/\/frailescapuchinosrecoletos.org\/web\/index.php?rest_route=\/wp\/v2\/types\/page"}],"author":[{"embeddable":true,"href":"https:\/\/frailescapuchinosrecoletos.org\/web\/index.php?rest_route=\/wp\/v2\/users\/5"}],"replies":[{"embeddable":true,"href":"https:\/\/frailescapuchinosrecoletos.org\/web\/index.php?rest_route=%2Fwp%2Fv2%2Fcomments&post=2755"}],"version-history":[{"count":28,"href":"https:\/\/frailescapuchinosrecoletos.org\/web\/index.php?rest_route=\/wp\/v2\/pages\/2755\/revisions"}],"predecessor-version":[{"id":2870,"href":"https:\/\/frailescapuchinosrecoletos.org\/web\/index.php?rest_route=\/wp\/v2\/pages\/2755\/revisions\/2870"}],"wp:attachment":[{"href":"https:\/\/frailescapuchinosrecoletos.org\/web\/index.php?rest_route=%2Fwp%2Fv2%2Fmedia&parent=2755"}],"curies":[{"name":"wp","href":"https:\/\/api.w.org\/{rel}","templated":true}]}}